{"id":2,"date":"2021-06-21T11:40:16","date_gmt":"2021-06-21T11:40:16","guid":{"rendered":"http:\/\/www.mavelrio.com.br\/?page_id=2"},"modified":"2025-05-20T14:40:57","modified_gmt":"2025-05-20T17:40:57","slug":"sample-page","status":"publish","type":"page","link":"https:\/\/www.mavelrio.com.br\/","title":{"rendered":"Home"},"content":{"rendered":"<div class=\"wpb-content-wrapper\"><p>[vc_section full_height=&#8221;yes&#8221; content_placement=&#8221;middle&#8221; parallax=&#8221;content-moving-fade&#8221; parallax_image=&#8221;983&#8243; parallax_speed_bg=&#8221;1.57&#8243; css_animation=&#8221;none&#8221; bottom_divider_type=&#8221;custom&#8221; css=&#8221;.vc_custom_1708707631824{padding-top: 50px !important;padding-bottom: 0px !important;background-position: center !important;background-repeat: no-repeat !important;background-size: contain !important;}&#8221; bottom_divider_class=&#8221;section-angled-layer-bottom&#8221; conditional_render=&#8221;%5B%7B%22value_role%22%3A%22administrator%22%7D%5D&#8221; el_class=&#8221;section-angled overlay overlay-show overlay-op-9 border-0 position-relative z-index-0 mb-0&#8243;][vc_row wrap_container=&#8221;yes&#8221; content_placement=&#8221;top&#8221; css=&#8221;.vc_custom_1708707375637{margin-top: -135px !important;margin-bottom: 0px !important;border-bottom-width: 0px !important;padding-bottom: 0px !important;}&#8221; conditional_render=&#8221;%5B%7B%22value_role%22%3A%22administrator%22%7D%5D&#8221; el_class=&#8221;h-100 text-center z-index-9&#8243;][vc_column css=&#8221;.vc_custom_1703203669309{padding-top: 350px !important;padding-bottom: 350px !important;}&#8221; conditional_render=&#8221;%5B%7B%22value_role%22%3A%22administrator%22%7D%5D&#8221;]<h3 class=\"word-rotator letters type seletor-do-texto\" data-appear-animation=\"fadeInUp\" data-appear-animation-delay=\"600\" style=\"font-size:60px;line-height:1.5;text-align:center;\" data-plugin-options=\"{'waittime': 2500, 'pauseOnHover': false}\"><span class=\"word-rotator-items waiting\" style=\"font-weight:600;color:#ffffff;\"><b class=\"active\">GEST\u00c3O CONDOMINIAL<\/b><b>S\u00cdNDICO PROFISSIONAL<\/b><b>GERENCIAMENTO DE CONDOM\u00cdNIOS<\/b><b>LOCA\u00c7\u00c3O E VENDAS DE IM\u00d3VEIS<\/b><b>MANUTEN\u00c7\u00c3O DE PISCINAS<\/b><\/span><\/h3>[vc_custom_heading text=&#8221;Excel\u00eancia, qualidade e efici\u00eancia na entrega dos servi\u00e7os!&#8221; font_container=&#8221;tag:p|font_size:1.2em|text_align:center|color:rgba(230%2C230%2C230%2C0.8)&#8221; use_theme_fonts=&#8221;yes&#8221; font_weight=&#8221;300&#8243; animation_delay=&#8221;900&#8243; el_class=&#8221;col-lg-6 px-0 offset-lg-3 mb-5&#8243; animation_type=&#8221;fadeInUp&#8221;][vc_btn title=&#8221;Fale Conosco!&#8221; style=&#8221;flat&#8221; shape=&#8221;round&#8221; color=&#8221;white&#8221; size=&#8221;xl&#8221; align=&#8221;center&#8221; skin=&#8221;light&#8221; btn_fs=&#8221;1.1em&#8221; btn_fw=&#8221;700&#8243; animation_delay=&#8221;850&#8243; link=&#8221;url:%23contato&#8221; btn_px=&#8221;48px&#8221; btn_py=&#8221;20px&#8221; animation_type=&#8221;fadeInUp&#8221;][\/vc_column][\/vc_row][\/vc_section][vc_row wrap_container=&#8221;yes&#8221; content_placement=&#8221;middle&#8221; el_class=&#8221;my-5 pt-md-4 pt-xl-0&#8243; el_id=&#8221;quem_somos&#8221; conditional_render=&#8221;%5B%7B%22value_role%22%3A%22administrator%22%7D%5D&#8221; css=&#8221;.vc_custom_1708646104548{margin-top: 0px !important;border-top-width: 0px !important;padding-top: 0px !important;}&#8221;][vc_column el_class=&#8221;pb-sm-4 pb-lg-0 mb-5 mb-lg-0&#8243; offset=&#8221;vc_col-md-6&#8243;][vc_custom_heading text=&#8221;Quem Somos&#8221; use_theme_fonts=&#8221;yes&#8221; animation_type=&#8221;fadeInUp&#8221; el_class=&#8221;mb-0&#8243;][vc_separator color=&#8221;custom&#8221; align=&#8221;align_left&#8221; border_width=&#8221;4&#8243; css_animation=&#8221;left-to-right&#8221; style=&#8221;solid&#8221; el_class=&#8221;custom-separator customLineProgressAnim my-3&#8243; accent_color=&#8221;#bc2020&#8243;][vc_custom_heading text=&#8221;A MAVEL \u00e9 uma empresa dedicada \u00e0 administra\u00e7\u00e3o de condom\u00ednios e \u00e0 manuten\u00e7\u00e3o de piscinas, com mais de 29 anos de experi\u00eancia no mercado.&#8221; font_container=&#8221;tag:p|font_size:15.4px|text_align:left|line_height:26px&#8221; use_theme_fonts=&#8221;yes&#8221; font_weight=&#8221;300&#8243; letter_spacing=&#8221;0&#8243; animation_delay=&#8221;450&#8243; el_class=&#8221;mb-4&#8243; animation_type=&#8221;fadeInUp&#8221;][vc_custom_heading text=&#8221;Nosso compromisso \u00e9 oferecer solu\u00e7\u00f5es abrangentes e de alta qualidade para atender \u00e0s necessidades espec\u00edficas de cada condom\u00ednio. Com uma equipe especializada e comprometida, garantimos efici\u00eancia e excel\u00eancia em todos os servi\u00e7os prestados. Ao longo de nossa trajet\u00f3ria, constru\u00edmos uma reputa\u00e7\u00e3o s\u00f3lida baseada na confian\u00e7a, transpar\u00eancia e satisfa\u00e7\u00e3o de nossos clientes. Conhe\u00e7a a MAVEL e descubra por que somos a escolha ideal para a gest\u00e3o eficiente do seu condom\u00ednio e a manuten\u00e7\u00e3o impec\u00e1vel de suas piscinas.&#8221; font_container=&#8221;tag:p|text_align:left&#8221; use_theme_fonts=&#8221;yes&#8221; animation_delay=&#8221;700&#8243; el_class=&#8221;pb-1 mb-4&#8243; animation_type=&#8221;fadeInUp&#8221;][\/vc_column][vc_column width=&#8221;3\/4&#8243; animation_delay=&#8221;1450&#8243; el_class=&#8221;ps-lg-5 pe-5 custom-auto-img&#8221; offset=&#8221;vc_col-md-6 vc_col-xs-10&#8243; animation_type=&#8221;fadeInLeft&#8221;][vc_single_image image=&#8221;934&#8243; img_size=&#8221;full&#8221; floating_start_pos=&#8221;top&#8221; floating_speed=&#8221;9.8&#8243; floating_duration=&#8221;1000&#8243; el_class=&#8221;mb-0&#8243;]<div class=\"porto-ultimate-content-box-container auto-1 transform3dxy-n50\"><style>#porto_ucb_7908{will-change: box-shadow;box-shadow: none;}#porto_ucb_7908:hover{box-shadow:none}<\/style><div class=\"porto-ultimate-content-box\" style=\"\" id=\"porto_ucb_7908\">[vc_single_image image=&#8221;899&#8243; floating_start_pos=&#8221;top&#8221; floating_speed=&#8221;0.5&#8243; el_class=&#8221;mb-0&#8243; floating_duration=&#8221;2000&#8243;]<\/div><\/div><div class=\"porto-ultimate-content-box-container auto-2 transform3dxy-n50\"><style>#porto_ucb_6801{will-change: box-shadow;box-shadow: none;}#porto_ucb_6801:hover{box-shadow:none}<\/style><div class=\"porto-ultimate-content-box\" style=\"\" id=\"porto_ucb_6801\">[vc_single_image image=&#8221;903&#8243; floating_start_pos=&#8221;top&#8221; floating_speed=&#8221;2.5&#8243; el_class=&#8221;mb-0&#8243; floating_duration=&#8221;1500&#8243;]<\/div><\/div><div class=\"porto-ultimate-content-box-container auto-3 transform3dxy-n50\"><style>#porto_ucb_2194{will-change: box-shadow;box-shadow: none;}#porto_ucb_2194:hover{box-shadow:none}<\/style><div class=\"porto-ultimate-content-box\" style=\"\" id=\"porto_ucb_2194\">[vc_single_image image=&#8221;905&#8243; floating_start_pos=&#8221;top&#8221; floating_speed=&#8221;2&#8243; el_class=&#8221;mb-0&#8243; floating_duration=&#8221;2500&#8243;]<\/div><\/div>[\/vc_column][\/vc_row][vc_section top_divider_type=&#8221;custom&#8221; el_class=&#8221;section-angled border-0 bg-transparent position-relative overflow-visible z-index-9 pt-0 mb-0 feature-section&#8221; top_divider_class=&#8221;section-angled-layer-top opacity-1&#8243; css=&#8221;.vc_custom_1708647856205{padding-bottom: 50px !important;}&#8221; conditional_render=&#8221;%5B%7B%22value_role%22%3A%22administrator%22%7D%5D&#8221;][vc_row wrap_container=&#8221;yes&#8221; el_class=&#8221;position-relative z-index-9&#8243; css=&#8221;.vc_custom_1708647101871{margin-top: 2.5rem !important;padding-bottom: 20px !important;}&#8221; el_id=&#8221;nossos_servicos&#8221; conditional_render=&#8221;%5B%7B%22value_role%22%3A%22administrator%22%7D%5D&#8221;][vc_column][vc_custom_heading text=&#8221;Nossos Servi\u00e7os&#8221; font_container=&#8221;tag:h2|font_size:2.75em|text_align:left|color:%233a3a3a&#8221; use_theme_fonts=&#8221;yes&#8221; font_weight=&#8221;700&#8243; animation_delay=&#8221;200&#8243; animation_type=&#8221;fadeInUp&#8221; el_class=&#8221;mb-5&#8243; css=&#8221;.vc_custom_1708647264278{margin-bottom: 0px !important;border-bottom-width: 0px !important;padding-bottom: 0px !important;}&#8221;][vc_separator color=&#8221;custom&#8221; align=&#8221;align_left&#8221; border_width=&#8221;4&#8243; css_animation=&#8221;left-to-right&#8221; style=&#8221;solid&#8221; el_class=&#8221;custom-separator customLineProgressAnim my-3&#8243; accent_color=&#8221;#bc2020&#8243;][\/vc_column][\/vc_row][vc_row][vc_column]<div class=\"portfolio-stripes  wpb_custom_392d1fd0b115ae99a545bad171494757\"><div class=\"porto-carousel owl-carousel owl-theme nav-center custom-carousel-arrows-style m-none\" data-plugin-options='{\"items\":4,\"lg\":3,\"md\":2,\"sm\":1,\"xs\":1,\"loop\":false,\"dots\":false,\"nav\":true}'><div><div class=\"portfolio-item\"><a href=\"https:\/\/www.mavelrio.com.br\/index.php\/servico_cat\/condominios\/\" class=\"text-decoration-none\"><span class=\"thumb-info  thumb-info-basic-info thumb-info-lighten\"><span class=\"thumb-info-wrapper m-none\"><span class=\"background-image\" style=\"background-image: url(https:\/\/www.mavelrio.com.br\/wp-content\/uploads\/2024\/01\/1.jpg)\"><\/span><span class=\"thumb-info-title text-capitalize alternative-font font-weight-light\">Condom\u00ednios<\/span><span class=\"thumb-info-icons position-style-1 text-color-light\"><span class=\"thumb-info-icon pictures background-color-primary\">2<i class=\"far fa-image\"><\/i><\/span><\/span><span class=\"thumb-info-plus\"><\/span><\/span><\/span><\/a><\/div><\/div><div><div class=\"portfolio-item\"><a href=\"https:\/\/www.mavelrio.com.br\/index.php\/servico_cat\/guardioes_piscina\/\" class=\"text-decoration-none\"><span class=\"thumb-info  thumb-info-basic-info thumb-info-lighten\"><span class=\"thumb-info-wrapper m-none\"><span class=\"background-image\" style=\"background-image: url(https:\/\/www.mavelrio.com.br\/wp-content\/uploads\/2024\/01\/4_1.jpg)\"><\/span><span class=\"thumb-info-title text-capitalize alternative-font font-weight-light\">Guardi\u00f5es Piscinas<\/span><span class=\"thumb-info-icons position-style-1 text-color-light\"><span class=\"thumb-info-icon pictures background-color-primary\">2<i class=\"far fa-image\"><\/i><\/span><\/span><span class=\"thumb-info-plus\"><\/span><\/span><\/span><\/a><\/div><\/div><div><div class=\"portfolio-item\"><a href=\"https:\/\/www.mavelrio.com.br\/index.php\/servico_cat\/imoveis\/\" class=\"text-decoration-none\"><span class=\"thumb-info  thumb-info-basic-info thumb-info-lighten\"><span class=\"thumb-info-wrapper m-none\"><span class=\"background-image\" style=\"background-image: url(https:\/\/www.mavelrio.com.br\/wp-content\/uploads\/2024\/01\/3-1.jpg)\"><\/span><span class=\"thumb-info-title text-capitalize alternative-font font-weight-light\">Im\u00f3veis<\/span><span class=\"thumb-info-icons position-style-1 text-color-light\"><span class=\"thumb-info-icon pictures background-color-primary\">2<i class=\"far fa-image\"><\/i><\/span><\/span><span class=\"thumb-info-plus\"><\/span><\/span><\/span><\/a><\/div><\/div><div><div class=\"portfolio-item\"><a href=\"https:\/\/www.mavelrio.com.br\/index.php\/servico_cat\/piscinas\/\" class=\"text-decoration-none\"><span class=\"thumb-info  thumb-info-basic-info thumb-info-lighten\"><span class=\"thumb-info-wrapper m-none\"><span class=\"background-image\" style=\"background-image: url(https:\/\/www.mavelrio.com.br\/wp-content\/uploads\/2024\/01\/2.jpg)\"><\/span><span class=\"thumb-info-title text-capitalize alternative-font font-weight-light\">Piscinas<\/span><span class=\"thumb-info-icons position-style-1 text-color-light\"><span class=\"thumb-info-icon pictures background-color-primary\">3<i class=\"far fa-image\"><\/i><\/span><\/span><span class=\"thumb-info-plus\"><\/span><\/span><\/span><\/a><\/div><\/div><\/div><\/div>[\/vc_column][\/vc_row][\/vc_section][vc_row wrap_container=&#8221;yes&#8221; el_class=&#8221;position-relative z-index-9&#8243; css=&#8221;.vc_custom_1706039916288{margin-top: 2.5rem !important;}&#8221; el_id=&#8221;nossos_clientes&#8221; conditional_render=&#8221;%5B%7B%22value_role%22%3A%22administrator%22%7D%5D&#8221;][vc_column][vc_custom_heading text=&#8221;Nossos Clientes&#8221; font_container=&#8221;tag:h2|font_size:2.75em|text_align:left|color:%233a3a3a&#8221; use_theme_fonts=&#8221;yes&#8221; font_weight=&#8221;700&#8243; animation_delay=&#8221;200&#8243; animation_type=&#8221;fadeInUp&#8221; el_class=&#8221;mb-5&#8243; css=&#8221;.vc_custom_1708648086599{margin-bottom: 0px !important;border-bottom-width: 0px !important;padding-bottom: 0px !important;}&#8221;][vc_separator color=&#8221;custom&#8221; align=&#8221;align_left&#8221; border_width=&#8221;4&#8243; css_animation=&#8221;left-to-right&#8221; style=&#8221;solid&#8221; el_class=&#8221;custom-separator customLineProgressAnim my-3&#8243; accent_color=&#8221;#bc2020&#8243;][\/vc_column][\/vc_row][vc_row css=&#8221;.vc_custom_1708648132696{padding-top: 20px !important;}&#8221; conditional_render=&#8221;%5B%7B%22value_role%22%3A%22administrator%22%7D%5D&#8221;][vc_column width=&#8221;1\/3&#8243;][vc_toggle title=&#8221;Gest\u00e3o Predial&#8221;]<\/p>\n<ul>\n<li>Grupamento Reserva Jardim<\/li>\n<li>Centro Empresarial Shopping Tijuca<\/li>\n<li>Condom\u00ednio Petro Office Businnes Center<\/li>\n<li>Condom\u00ednio do Edif\u00edcio Pebble Beach<\/li>\n<li>Condom\u00ednio do Edif\u00edcio Myrtle Beach<\/li>\n<li>Condom\u00ednio Barra Golden Green<\/li>\n<li>Condom\u00ednio do Edif\u00edcio Fraz\u00e3o<\/li>\n<li>Condom\u00ednio do Edif\u00edcio Dione<\/li>\n<li>Condom\u00ednio Residencial Palais de Nice<\/li>\n<li>Condom\u00ednio Colibri\u2019s Residence Service<\/li>\n<li>Condom\u00ednio Pen\u00ednsula Evidence<\/li>\n<\/ul>\n<p>[\/vc_toggle][\/vc_column][vc_column width=&#8221;1\/3&#8243;][vc_toggle title=&#8221;Assessoria Administrativa&#8221;]<\/p>\n<ul>\n<li>ALLOS<\/li>\n<li>AGGIR\/CHLGarden<\/li>\n<\/ul>\n<p>[\/vc_toggle][\/vc_column][vc_column width=&#8221;1\/3&#8243;][vc_toggle title=&#8221;Manuten\u00e7\u00e3o de Piscinas&#8221;]<\/p>\n<ul>\n<li>Clube da Aeron\u00e1utica<\/li>\n<li>Condom\u00ednio Colibri\u2019s Residence Service<\/li>\n<li>Condom\u00ednio Pen\u00ednsula Evidence<\/li>\n<li>Condom\u00ednio Albert Marques E Gustav Moreau<\/li>\n<li>Condom\u00ednio Resid\u00eancias Sebastian Bach<\/li>\n<li>Condom\u00ednio Solar dos Viscondes<\/li>\n<li>Condom\u00ednio do Edif\u00edcio Ilhas de Cozumel<\/li>\n<li>Condominio Dona Mariana<\/li>\n<li>Condom\u00ednio Praia de S\u00e3o Conrado<\/li>\n<li>Condom\u00ednio Cores da Lapa<\/li>\n<li>Condom\u00ednio Solar das Laranjeiras<\/li>\n<li>Condom\u00ednio do Edif\u00edcio FleurVille<\/li>\n<li>Condominio Residencial Place Verte<\/li>\n<li>Condom\u00ednio Mans\u00e3o Viscondes de Caravelas<\/li>\n<li>Condom\u00ednio Reserva Laranjeiras<\/li>\n<li>Condom\u00ednio Brasil<\/li>\n<li>Condom\u00ednio Argentina<\/li>\n<li>Condom\u00ednio Canad\u00e1<\/li>\n<li>Condom\u00ednio Golfo do M\u00e9xico<\/li>\n<li>Condom\u00ednio do Edif\u00edcio Rosa Maior<\/li>\n<li>Condom\u00ednio do Edif\u00edcio Rosa da Praia<\/li>\n<li>Condom\u00ednio do Edif\u00edcio Mar do Sul<\/li>\n<li>Condom\u00ednio do Edif\u00edcio Guinle Place<\/li>\n<li>Condom\u00ednio Bella Tijuca<\/li>\n<li>Condom\u00ednio Jardins de Debret Residence<\/li>\n<li>Condom\u00ednio P\u00e1tio Carioca<\/li>\n<li>Condom\u00ednio \u00a0do edif\u00edcio Parque do Riachuelo<\/li>\n<li>Condom\u00ednio Piazza Del Sole<\/li>\n<li>Condom\u00ednio Solar das \u00c1guas F\u00e9rreas<\/li>\n<li>Condom\u00ednio Parque da Freguesia<\/li>\n<li>Condom\u00ednio do Edif\u00edcio Varandas do Mar<\/li>\n<li>Condom\u00ednio Jardim da Lagoa<\/li>\n<li>Condom\u00ednio Vivendas do Parque<\/li>\n<li>Condom\u00ednio Verrochio<\/li>\n<li>Condom\u00ednio Alv\u00e1ro Ramos<\/li>\n<li>Condom\u00ednio Palma de Malorca<\/li>\n<li>Condom\u00ednio do Rio By Yoo<\/li>\n<\/ul>\n<p>[\/vc_toggle][\/vc_column][\/vc_row][vc_row el_id=&#8221;contato&#8221; conditional_render=&#8221;%5B%7B%22value_role%22%3A%22administrator%22%7D%5D&#8221;][vc_column][vc_empty_space height=&#8221;55px&#8221;][vc_custom_heading text=&#8221;&#8221; font_container=&#8221;tag:h2|font_size:2.75em|text_align:center|color:%233a3a3a&#8221; use_theme_fonts=&#8221;yes&#8221; font_weight=&#8221;700&#8243; animation_delay=&#8221;200&#8243; animation_type=&#8221;fadeInUp&#8221; el_class=&#8221;mb-5&#8243;][\/vc_column][\/vc_row]<\/p>\n<\/div>","protected":false},"excerpt":{"rendered":"<p>[vc_section full_height=&#8221;yes&#8221; content_placement=&#8221;middle&#8221; parallax=&#8221;content-moving-fade&#8221; parallax_image=&#8221;983&#8243; parallax_speed_bg=&#8221;1.57&#8243; css_animation=&#8221;none&#8221; bottom_divider_type=&#8221;custom&#8221; css=&#8221;.vc_custom_1708707631824{padding-top: 50px !important;padding-bottom: 0px !important;background-position: center !important;background-repeat: no-repeat !important;background-size: contain !important;}&#8221; bottom_divider_class=&#8221;section-angled-layer-bottom&#8221; conditional_render=&#8221;%5B%7B%22value_role%22%3A%22administrator%22%7D%5D&#8221; el_class=&#8221;section-angled overlay overlay-show overlay-op-9 border-0 position-relative z-index-0 mb-0&#8243;][vc_row wrap_container=&#8221;yes&#8221; content_placement=&#8221;top&#8221; css=&#8221;.vc_custom_1708707375637{margin-top: -135px !important;margin-bottom: 0px !important;border-bottom-width: 0px !important;padding-bottom: 0px !important;}&#8221; conditional_render=&#8221;%5B%7B%22value_role%22%3A%22administrator%22%7D%5D&#8221; el_class=&#8221;h-100 text-center z-index-9&#8243;][vc_column css=&#8221;.vc_custom_1703203669309{padding-top: 350px !important;padding-bottom: 350px !important;}&#8221; conditional_render=&#8221;%5B%7B%22value_role%22%3A%22administrator%22%7D%5D&#8221;][vc_custom_heading text=&#8221;Excel\u00eancia, qualidade e efici\u00eancia na [&hellip;]<\/p>\n","protected":false},"author":1,"featured_media":0,"parent":0,"menu_order":0,"comment_status":"closed","ping_status":"open","template":"","meta":{"_joinchat":[],"footnotes":""},"class_list":["post-2","page","type-page","status-publish","hentry"],"_links":{"self":[{"href":"https:\/\/www.mavelrio.com.br\/index.php\/wp-json\/wp\/v2\/pages\/2","targetHints":{"allow":["GET"]}}],"collection":[{"href":"https:\/\/www.mavelrio.com.br\/index.php\/wp-json\/wp\/v2\/pages"}],"about":[{"href":"https:\/\/www.mavelrio.com.br\/index.php\/wp-json\/wp\/v2\/types\/page"}],"author":[{"embeddable":true,"href":"https:\/\/www.mavelrio.com.br\/index.php\/wp-json\/wp\/v2\/users\/1"}],"replies":[{"embeddable":true,"href":"https:\/\/www.mavelrio.com.br\/index.php\/wp-json\/wp\/v2\/comments?post=2"}],"version-history":[{"count":201,"href":"https:\/\/www.mavelrio.com.br\/index.php\/wp-json\/wp\/v2\/pages\/2\/revisions"}],"predecessor-version":[{"id":1033,"href":"https:\/\/www.mavelrio.com.br\/index.php\/wp-json\/wp\/v2\/pages\/2\/revisions\/1033"}],"wp:attachment":[{"href":"https:\/\/www.mavelrio.com.br\/index.php\/wp-json\/wp\/v2\/media?parent=2"}],"curies":[{"name":"wp","href":"https:\/\/api.w.org\/{rel}","templated":true}]}}